when (12/(-9))/((-4)/t) is divided by v.
18
Let g be (4/(-5))/(2/(-70)). Suppose -3*f = -3*t + t - g, f - 14 = -4*t. Calculate the remainder when 19 is divided by f.
9
Suppose -2*w + 0*w = -12. Let b be -3*4/(-18)*3. Suppose 2*s + 2*n + w = -3*n, -b*s = -n - 6. Calculate the remainder when 3 is divided by s.
1
Let n = 56 + -38. Calculate the remainder when n is divided by 5.
3
Let l(c) = -c**2 + 12*c - 6. Let d = 7 - 2. What is the remainder when l(d) is divided by (-136)/(-14) + 2/7?
9
Let v(c) = -c**2 + 1. Let g(l) = -l**3 + 9*l**2 + l - 8. Let r(o) = -g(o) - 6*v(o). Calculate the remainder when 41 is divided by r(4).
13
Suppose -o - 4*z = -36, -5*o + 242 = 2*z + 8. Calculate the remainder when 140 is divided by o.
44
Let j be (-2)/(-5) - 219/(-15). Suppose j = 2*f - 5. Calculate the remainder when f is divided by 6.
4
Let j = -9 + -32. Let p = j + 72. Calculate the remainder when p is divided by 11.
9
Let i = 0 + 5. Suppose 0 = -i*c + 2*c + 51. Calculate the remainder when c is divided by 5.
2
What is the remainder when (50 + 2)*(-4 + (-27)/(-6)) is divided by 8?
2
Suppose -3*y + 40 = -x, -13 = 5*y - 3*x - 73. Suppose 0 = 5*n - 2*n + 3, 5*n - 105 = -2*i. Let g = -12 + i. What is the remainder when g is divided by y?
13
Let t(q) = -q**3 - 4*q**2 + q + 3. Calculate the remainder when t(-6) is divided by 24.
21
What is the remainder when (-2)/(-3)*735/5 is divided by 25?
23
Suppose 2*k = -3*n + 14, -5*k - 4*n + 47 - 12 = 0. Calculate the remainder when 33 is divided by k.
5
Suppose -4*t + 45 = 3*p + 10, 3*t + 4*p - 21 = 0. Calculate the remainder when 21 is divided by t.
10
Let l be ((-16)/12)/(6/(-27)). Suppose 21 = c + b - 3*b, -3*b + 1 = c. Calculate the remainder when c is divided by 44/l - (-7)/(-21).
6
Let j(s) = 4*s + s - 6*s + 14. Calculate the remainder when j(-12) is divided by 14.
12
Suppose 0 = -3*m + 2 + 1. Suppose -8 = -2*p - 3*h - m, -3*p = -4*h - 2. Calculate the remainder when p is divided by 1.
0
Suppose 0 = -f + 2*d + 4, -2*f - 7*d = -3*d - 8. What is the remainder when 7 is divided by f?
3
Let s = 110 - 100. What is the remainder when 27 is divided by s?
7
Suppose -4*v - 4*h = -48, -18 - 2 = -4*h. Let k = -12 - 18. Calculate the remainder when (-2)/((3 + 0)/k) is divided by v.
6
Let b = -4 - -10. Suppose 0 = 2*x - 3*x + b. Calculate the remainder when 11 is divided by x.
5
Let c be 3 + 3/(-3) + 28. Let p = 38 - c. Suppose -26 = -v - 3. Calculate the remainder when v is divided by p.
7
Suppose -5*l - 2*p + 34 = -71, 0 = p. What is the remainder when (-305)/(-7) + 9/l is divided by 24?
20
Let c = 108 + -74. Calculate the remainder when c is divided by 18.
16
Suppose -5*y = -6*y + 32. What is the remainder when y is divided by 11?
10
Let j(t) = 2*t**2 - 3*t + 8. What is the remainder when j(-6) is divided by 11?
10
What is the remainder when -2*(-7 + 0 + -3) is divided by 6?
2
Let n(r) = -r**3 - 6*r**2 + 12*r + 2. What is the remainder when n(-8) is divided by 9?
7
Let d = 13 - -24. What is the remainder when d is divided by 19?
18
Let a(h) = h**2 + 15*h + 82. Calculate the remainder when a(-15) is divided by 18.
10
Suppose -5*l = -3*f + 299, -2*l + 30 + 180 = 2*f. What is the remainder when f is divided by 26?
25
Let c(m) = -m**2 - 9*m + 4. Let x(h) = h**3 - 6*h**2 + h - 4. Let g be x(6). Calculate the remainder when 724/14 + g/7 is divided by c(-7).
16
Suppose 323 = 5*r + 4*j, 0 = r - 4*j - 48 - 7. What is the remainder when r is divided by 22?
19
Suppose 9*l + 272 = 920. Calculate the remainder when l is divided by 19.
15
Calculate the remainder when 73 is divided by (-32)/(1 + -3) - -3.
16
What is the remainder when 14 is divided by 689/91 - 6/(-14)?
6
Let c = -7 - -7. Suppose -4*u + 0*u + 164 = c. What is the remainder when u is divided by (-2)/(15/(-7) - -2)?
13
Suppose -3*l + 16 = 4*v - 6, 5*v - 20 = 0. Suppose -c = -4*z + l*z + 11, 3*z + 3*c = 30. Calculate the remainder when 13 is divided by z.
6
Let p(q) = q - 10. What is the remainder when 10 is divided by p(13)?
1
Suppose x - 5*t + 9 + 7 = 0, 0 = 2*x - t - 13. Suppose 0 = -4*y + x + 11. What is the remainder when 18 is divided by y?
3
Let l be (1*-1)/(2 - 1). Suppose -3*p - 5*u + u = -56, -4*p = 3*u - 63. What is the remainder when 22 is divided by -5*l/5*p?
10
Let c = -64 - -69. Calculate the remainder when 16 is divided by c.
1
Suppose 2*w + 12 = 8. Calculate the remainder when 1*64/2 - w is divided by 18.
16
Let d(k) = -3*k - 4. Let c be 9 + -8 + -5 + 0. Suppose -x - x = -60. What is the remainder when x is divided by d(c)?
6
Let i(j) = 43*j - 20. What is the remainder when i(4) is divided by 31?
28
Let m(a) = a + 2. Let k be m(2). Suppose -5*i + 2*i = -120. Calculate the remainder when i is divided by 55/k - 2/(-8).
12
Let r = 7 - 7. Suppose t = r, -4*j - j + t + 10 = 0. Let v(x) = -x**3 + 3*x**2 + 4*x + 1. Calculate the remainder when j is divided by v(4).
0
Suppose 5*m - 2*r - 120 = 65, 2*m + 2*r = 60. Calculate the remainder when m is divided by 9.
8
Let i(n) = 3*n - n**3 + 6 + n**2 - 3*n. Let h be i(0). Calculate the remainder when (-5 - -8)*50/h is divided by 13.
12
Suppose 3*k - 12 = -3*a, k + 4 = a - 8. Calculate the remainder when a is divided by 2.
0
Let t = -5 + 21. Suppose -5*j - 10 = 0, 3*w + 3*j + 1246 = 7*w. Suppose n + w = 6*n. What is the remainder when n is divided by t?
14
Suppose -5*t = -5*b + 35, -b = -4*t - 13 - 0. Suppose -p + 5 = -b. Calculate the remainder when 29 is divided by p.
9
Let b(m) = -m**2 - 11*m + 7. Let a(p) = -2*p**2 - p. Let u be a(1). Let q = u + -6. What is the remainder when b(q) is divided by 13?
12
Suppose -4*u - 2*k + 22 = -12, 27 = 3*u + 3*k. What is the remainder when u is divided by 3?
2
Let x(a) = -a + 9. Calculate the remainder when 17 is divided by x(0).
8
Let i(u) be the second derivative of -u**5/2 + u**4/12 + u**3/6 + u**2/2 + u. Calculate the remainder when i(-1) is divided by (-4 - -5)/(4/16).
3
Suppose 0 = -5*a + 9*a - 100. Calculate the remainder when 43 is divided by a.
18
Let h(q) = 3*q**2 + q - 2. Suppose -s + 4*b = -0*s - 10, 0 = -2*s + 4*b + 8. Let v be h(s). What is the remainder when 22 is divided by v/5*(-75)/(-10)?
10
Let p(g) = -g**3 + 5*g**2 - g + 9. Let z(n) = -n**2 - 6*n - 3. Let v be z(-2). What is the remainder when 50/4*4/5 is divided by p(v)?
2
Let k(y) = -2*y + 2. Let c be k(5). Let i = 13 + c. Calculate the remainder when 9 is divided by i.
4
What is the remainder when (-10420)/(-100) + 8/10 is divided by 12?
9
Let r = 19 + 4. Let c = r - 6. Calculate the remainder when c is divided by 9.
8
Let o be (-2)/(-8) + 62/8. Let w = o + -4. Calculate the remainder when 5 is divided by w.
1
Calculate the remainder when ((-2 - -2) + 3)*(12 - 3) is divided by 7.
6
Let x = -3 + 5. Suppose 5*k + x = 12. What is the remainder when 6 is divided by k?
0
Let z = -18 + 39. What is the remainder when z is divided by 12?
9
Let d(f) = f**2 - 2*f - 60. Let p = -1 - -11. What is the remainder when p is divided by d(-7)?
1
Let i(h) = 14*h**3 - 2*h**2 + 2*h - 1. Calculate the remainder when i(1) is divided by (-10)/(-4)*4 - 2.
5
Let i be (1*-18)/(3/(-24)). Let m(q) = q + 3. What is the remainder when 6/(-21) - i/(-14) is divided by m(3)?
4
Let t(k) = -k**3 - k + 19. Let o be t(0). Let q = o + -11. Suppose -y = y - 10. What is the remainder when q is divided by y?
3
Suppose 3*u + 45 - 144 = 0. What is the remainder when u is divided by 18?
15
Calculate the remainder when 14 is divided by 4 - (0/(-3))/4.
2
Let d(o) = o**3 + 7*o**2 + 2*o + 10. Let l be d(-7). Suppose 2 = -g + 5*m, 3*g + 2*m = -g + 58. What is the remainder when g is divided by 286/77 + l/(-14)?
1
Let v(s) = 2*s + 1. Suppose 34 = 2*p + 4*k, 0 = 4*p + 4*k - 0*k - 48. What is the remainder when p is divided by v(2)?
2
Let r = 273 - 100. Calculate the remainder when r is divided by 22.
19
Suppose 2*w - w = 0. Suppose 0 = -4*g + 2*u - 4*u + 84, -4*g + 3*u + 64 = w. Calculate the remainder when g is divided by 10.
9
Let x = -2 - -5. What is the remainder when ((-4)/8)/(2/(-12)) is divided by x?
0
Let l(y) = 17*y + 4 + 0 + 5. Let g(m) = -9*m - 4. Let w(b) = -7*g(b) - 3*l(b). Calculate the remainder when 25 is divided by w(1).
12
Let q(g) = -11*g - 3. Let d = -41 + 57. Calculate the remainder when q(-3) is divided by d.
14
Suppose 6*l - 18 = 3*l. Wha